(-16)/28*84/(-6). Let s be (12/15)/(3/15). What is the greatest common factor of d and s?
4
Let l(d) = d**3 - 4*d**2 + 8. Let q = -87 - -91. Let m be l(q). What is the highest common divisor of 6 and m?
2
Suppose 696 + 1752 = 8*q. Calculate the highest common factor of q and 34.
34
Let t be ((-9)/(-2) + -1)*(-12)/(-42). Calculate the highest common divisor of t and 23.
1
Let l = 2 - 6. Let w be 147 + l + (-3 - -3). Suppose p = -2*u + 15, -2*u + 10 = p - 5*u. Calculate the greatest common divisor of w and p.
13
Let g = 10 + -22. Let y = g + 14. Let k be (-1)/(y/3)*-44. What is the greatest common factor of k and 6?
6
Let f(l) = l**3 - 5*l**2 - 3*l - 8. Let w be f(6). Let v = 42 + -12. Calculate the greatest common factor of w and v.
10
Let h be (-17)/6 - (-4)/(-24). Let o be 2/((h - -3) + -1). Let t be 2 + -2 + 35 + o. What is the highest common factor of t and 11?
11
Let n = 22 - -45. Let p = n - -53. Let m(u) = -u**2 + 14*u - 18. Let q be m(11). Calculate the highest common factor of q and p.
15
Let s(v) = v**2 + 2. Let u be s(0). Let f be 93 + (4 + 1 - u). Let r = 301 - 289. Calculate the highest common factor of r and f.
12
Let r(w) = -w**3 + 4*w**2 - 2*w + 5. Let n be r(4). Let q be 56/8 + n/1. Suppose 2*l + q = 6*l. What is the highest common divisor of 8 and l?
1
Let i be (-1694)/(-26) - 2/13. Suppose -t + i = -0*t. Suppose -x - 7 = -20. What is the greatest common divisor of x and t?
13
Let n be (-2)/((-18)/(-99))*-52. What is the highest common divisor of n and 78?
26
Suppose -5*o = 5*x - 55, 5*o + 8 = 3. Let y = -10 + x. Let a be 115/y*(-4)/(-5). What is the greatest common factor of 69 and a?
23
Let d(l) = 2*l**3 - 7*l**2 + l - 4. Let r be d(5). Suppose f - 3*f + 38 = 3*z, 2*z = -4*f + 76. Calculate the greatest common factor of r and f.
19
Let s = -241 - -361. Suppose 4 = y - 3*j, 0*y - 5*j = 5*y - s. Let i = 529 + -377. What is the highest common divisor of y and i?
19
Let f be 70 - 10/50*(0 + 5). What is the greatest common factor of f and 6?
3
Let d(s) = -s**3 + 4*s**2 + 5*s + 5. Let k be d(5). Let o(t) = t**3 + 8*t**2 - 29*t - 50. Let n be o(-10). Calculate the greatest common factor of n and k.
5
Let t = -720 - -770. Let s = 319 + 131. What is the highest common divisor of s and t?
50
Let m(t) = -4*t - 22. Let x be m(-10). Suppose -2*b + 0*o - 4*o + 300 = 0, o + 429 = 3*b. Calculate the highest common divisor of x and b.
18
Let i be ((-43)/3)/(23/(-69)). Let s = -31 + i. Calculate the greatest common divisor of 12 and s.
12
Let s = -417 - -473. What is the greatest common factor of 3584 and s?
56
Let n be (-95 + 2)*(4/(-12) - 0). Let b = -7 + n. Calculate the greatest common factor of b and 6.
6
Let q(k) = 9*k - 36*k + 15*k + 13*k. Let o be q(10). What is the highest common divisor of 70 and o?
10
Suppose -40*y + 449 = -511. Calculate the greatest common factor of y and 96.
24
Let g be (9 + -2)/(17/153). Calculate the greatest common divisor of 231 and g.
21
Let t be 2/1 + 237/1. Let j(r) = 116*r - 241. Let z be j(7). Suppose 5*s = -5*w + z + t, -w + 156 = -2*s. Calculate the highest common divisor of w and 20.
20
Let q = -10 - -23. Suppose 0 = q*t - 9*t - 72. Suppose 4*h - 101 = 79. What is the highest common divisor of h and t?
9
Let f(l) = 892*l**2 - 11*l. Let i be f(-1). Calculate the greatest common factor of i and 21.
21
Let u = -2 + 4. Suppose -4*z = -u*z - 230. What is the greatest common factor of 23 and z?
23
Let y = -1304 + 1305. What is the highest common divisor of 37 and y?
1
Let f(q) = -q**2 + 19*q + 36. Let x be f(0). Calculate the greatest common divisor of x and 540.
36
Let a(p) = 16*p**3 - 2*p**2 + 2. Let n be a(1). What is the greatest common divisor of 144 and n?
16
Suppose 3*h - 54 = -6. Let g = 28 - h. What is the greatest common divisor of 30 and g?
6
Suppose 0 = -3*q + 5*q + 2*d - 440, 0 = 5*q + d - 1116. What is the greatest common divisor of q and 140?
28
Let w(g) = -2*g**3 - 7*g**2 + 2*g + 4. Let o be w(-5). What is the highest common factor of o and 1725?
69
Let k(g) = -4*g + 102. Let m be k(24). What is the greatest common factor of m and 282?
6
Let t = 602 - 442. What is the highest common divisor of t and 50?
10
Let l be (-1 + 11)*9/6. Suppose 0*g + 3*g = 348. Suppose -q - 11 = -g. Calculate the greatest common divisor of l and q.
15
Let o = 3 + 3. Suppose 3*z - 2*l + o = 43, -3*z - 3*l + 12 = 0. Suppose 0 = 4*d - 2*d - 162. Calculate the highest common divisor of z and d.
9
Let r be -1 - (-1)/(-2)*-4. Suppose -o = -r - 2. Suppose o*w = w + 50. What is the greatest common divisor of w and 10?
5
Let q(g) = g**2 - 10*g + 27. Let u be q(8). What is the highest common divisor of 594 and u?
11
Suppose 3*a - 35 = -c, 3*c + 37 = -5*a + 98. Suppose 0 = -5*o + 4*m + 41 + 89, 4*m - 2 = -o. Calculate the highest common factor of a and o.
11
Suppose -9020 + 1376 = -39*n. Calculate the highest common divisor of n and 49.
49
Suppose -2 + 292 = 5*y. Suppose x - 6*x - w = -50, y = 3*x - 5*w. What is the greatest common divisor of 33 and x?
11
Let x = 132 + -116. Suppose -x = 14*u - 1836. Calculate the highest common divisor of u and 10.
10
Let t(n) = 3*n**2 + 4*n - 7. Let w be t(2). Suppose 3 - w = -2*j. What is the highest common factor of j and 5?
5
Let s(m) = -m**3 - m**2 - 17*m + 36. Let g be s(0). Calculate the highest common factor of 72 and g.
36
Let b(g) = g**2 + 13*g. Let c(w) = w**2 + w. Let p(j) = -b(j) + 6*c(j). Suppose 0 = -a - 2 - 3. Let k be p(a). Calculate the highest common factor of k and 20.
20
Let r = -407 - -677. Let j = -135 + r. Let b = 22 - 7. What is the highest common factor of b and j?
15
Suppose -3*a + 7*a = 88. What is the greatest common divisor of 121 and a?
11
Let d be (528/(-14))/(32/(-1120)). Calculate the highest common divisor of 24 and d.
24
Suppose -5*q = -5, -q + 1 = -3*k - 3*q. Let n be 24/4*k/(-2). Suppose -n*d + 125 = 2*d. What is the highest common factor of d and 75?
25
Suppose 22*y - 83 = 93. What is the highest common factor of 104 and y?
8
Let k(l) = -3*l + 79. Let i be k(25). Suppose 2*y - i*y + 264 = 0. What is the highest common divisor of y and 12?
12
Let u = 27 - 10. Let q = -38 + 40. Suppose n - 5*m - 111 = 50, q*n - 277 = m. Calculate the greatest common factor of n and u.
17
Let z be (-2)/(-9) - 1780/(-90). What is the greatest common factor of 15 and z?
5
Let v(o) = o**3 + 11*o**2 - 15*o + 29. Let n be v(-12). Calculate the highest common factor of 39 and n.
13
Let h = 53 - -17. Let z be 6/(-3) + 2 - -3. Suppose 7 = x - z. What is the greatest common divisor of h and x?
10
Suppose t - 6*t + 835 = 0. Suppose -d = -t + 48. Calculate the highest common factor of d and 7.
7
Suppose 0 = -7*s + 4*s - 45. Let g = s + 25. What is the greatest common divisor of g and 15?
5
Suppose -4568 + 578 = -19*n. What is the highest common factor of 56 and n?
14
Let o = 22 - 13. Let p = 6 + o. Calculate the greatest common factor of 10 and p.
5
Let z be -11 - -3 - (-5 + 1). Let f(p) = -14*p + 29. Let i be f(z). Calculate the greatest common factor of 17 and i.
17
Let d(g) = -g**2 + 7*g + 46. Let c be d(-4). What is the greatest common factor of c and 13?
1
Let v(t) = t**3 - 6*t**2 - 6*t - 6. Let q be v(8). Let g = 9 + q. Suppose -18 = 5*j - g. What is the greatest common factor of j and 91?
13
Suppose -19*n = -12*n - 14. What is the greatest common divisor of n and 2?
2
Let y = 23 - 21. Suppose 0 = y*z - 3*z + 2. Let j be ((-10)/(-6) - z)*-30. Calculate the highest common divisor of 20 and j.
10
Suppose 6*z - 8*z - 124 = 0. Let j = z + 70. What is the highest common divisor of 16 and j?
8
Let h(x) = x**2 - 15*x + 63. Let g be h(12). Calculate the highest common divisor of g and 459.
27
Let l be (4 + -3)*(-12)/1. Let r = 33 + l. Suppose -5*j + r = -49. What is the greatest common factor of 14 and j?
14
Let x(u) = -5*u - 48. Let n be x(-10). Suppose 0*h - 578 = -2*a + 2*h, -557 = -n*a - 5*h. Calculate the highest common divisor of 26 and a.
26
Let h be 0 + 102 + (-7 - (-10 + 5)). Calculate the greatest common divisor of 55 and h.
5
Let w = -493 + 1168. Calculate the highest common divisor of 27 and w.
27
Let c(m) = m**2 - 13*m - 20. Let w = -89 + 106. Let u be c(w). What is the greatest common divisor of u and 8?
8
Suppose -2*x + 3*u = 52, 4*x + 3*u - 5*u = -104. Let t = 32 